e the prime factors of i(6)?
2, 5, 37
Let b = -537 - -2111. Let v = b + -656. List the prime factors of v.
2, 3, 17
Let j(d) = 6*d**2 + 21*d + 29. Let v(q) = -16*q**2 - 63*q - 87. Let o(x) = 11*j(x) + 4*v(x). What are the prime factors of o(-7)?
2, 3
Suppose 3*k = 15*o - 12*o - 30, 0 = -4*o + 16. Let y(f) = 19*f**2 - 28*f - 1. What are the prime factors of y(k)?
23, 37
Let d = -117 + 136. Suppose -2*w = -2*f + 7 + 1, -4*w + 3*f = d. List the prime factors of 2/w + (-11856)/(-42).
2, 3, 47
Suppose 569*h = 543*h + 162526. What are the prime factors of h?
7, 19, 47
Suppose -i = -4*c + 4740, -166*c + 1185 = -165*c + 4*i. List the prime factors of c.
3, 5, 79
Suppose -44*m + 41*m + 366 = 0. Let x = 356 + m. List the prime factors of x.
2, 239
Suppose -3437 = -2*h - 3*f, 0 = -2*h - 13*f + 9*f + 3436. What are the prime factors of h?
2, 5, 43
Let r = -118 + 55. Let d be (-7 - (-148)/(-12))/((-2)/9). Let q = d + r. List the prime factors of q.
2, 3
Let v(t) = t + 1. Let d be v(1). Suppose 2*k - 5 - 3 = 0, 0 = -d*p - 4*k + 760. List the prime factors of 2/4*p/3.
2, 31
Let w(d) = -232*d - 60. Suppose -5*p = 4*m + 54, 83 = -5*p - 2*m + 31. Let f be w(p). Suppose -11*c + f = 225. What are the prime factors of c?
5, 37
What are the prime factors of (-96334)/4*50/(-325) - 4/26?
3, 5, 13, 19
Let i be ((-2)/(-4))/(((-6)/8)/(-3)). Let j be (-1 - -1 - i) + (-3962)/7. Let d = -280 - j. What are the prime factors of d?
2, 3
Let o be 3/1 + (-7 - -7). Suppose 2*l - z = o, 3 = 4*l - 2*z - z. Suppose 3*t - 36 - 308 = 5*g, -t - l*g + 96 = 0. What are the prime factors of t?
2, 3
Suppose 0 = 171*q - 173*q + 1602. Let n = -491 + q. What are the prime factors of n?
2, 5, 31
Suppose -2*m - 35*v = -37*v + 4, 5*m + v = 14. Suppose 0 = 2*b - 9 + 1. Suppose 0 = 2*d + 2*d + 20, -m*g = b*d - 36. What are the prime factors of g?
2, 7
Let i(s) = s**3 + 12*s**2 + s + 27. Let n be i(-12). Suppose -k - n*k = -9584. List the prime factors of k.
599
Let i be 0/(-1)*13/26. Suppose i = -3*o + 129 + 186. List the prime factors of o.
3, 5, 7
Suppose -4*d = 5*t - 50 - 35, 0 = -5*d. What are the prime factors of (t/42 + (-14)/(-147))*22?
11
Suppose -5*a + 26980 = 4*m, 413*a = -2*m + 410*a + 13492. List the prime factors of m.
2, 5, 337
Suppose 0 = 5*t + 8*t - 11*t - 9188. What are the prime factors of t?
2, 2297
List the prime factors of 16/14 - 11/((-1386)/252234).
2003
Let j(z) = -21*z**3 + 2*z**2 - 4*z + 5. Let r be j(2). Let i = -83 - r. Let p = i + -29. List the prime factors of p.
3, 17
Let j(w) = w + 60. Let o be j(-29). Suppose 0 = 4*v + 11 - o, -3*v = -3*s + 933. List the prime factors of s.
2, 79
Suppose 4*i + 37902 = 5*n, -2*n + 14*i - 16*i + 15132 = 0. What are the prime factors of n?
2, 7, 541
Let m = -83 + 90. Suppose a = -2*u + 1, -3*a - 6 = -4*u + m*u. Suppose 0 = -5*v - 3*o + 1223, -v = u*v - 5*o - 1008. What are the prime factors of v?
13, 19
Let j = 7539 + -4783. What are the prime factors of j?
2, 13, 53
Let a(h) = 3*h**2 - 67 + 5 - 14 - 14*h - 67 - h**2. What are the prime factors of a(-14)?
5, 89
Let i = -588 + 1211. Suppose 0 = -5*u + 3*p + i, -u - p + 152 = 21. Suppose 3*q - u = -z, 5*q = 2*q + z + 131. List the prime factors of q.
43
Suppose -2*w + 4*w = 3072 + 1546. What are the prime factors of w?
2309
What are the prime factors of 4/(36/(-21))*171*-12?
2, 3, 7, 19
Let m be (-1)/(-4 + 19/5). Let g = 6 + -3. Suppose 3*a = -g*x + 105, -3*x - 2*a + 87 = -m*a. What are the prime factors of x?
2
Let g(f) = 4*f**3 + 26*f**2 - 13*f - 3. Let t be g(-7). What are the prime factors of ((-136)/t)/(5 + (-92)/20)?
2, 17
Suppose -5*c + 151 - 141 = 0. Suppose n - 876 = -c*r, 7*n - 5*n - 1316 = -3*r. What are the prime factors of r?
2, 109
Suppose 136643 = 167*m - 154*m. What are the prime factors of m?
23, 457
Suppose 29*w - 2564444 + 886852 = 0. What are the prime factors of w?
2, 7, 1033
Let t = 25 - 22. Suppose 22 - 4 = -t*l. List the prime factors of (-363)/l + (-1)/(4/(-6)).
2, 31
Let j = 36 + -7. Suppose 40*h - 3*f = 37*h + 441, -5*f = 5*h - 715. Suppose -2*w = k - 6*k + h, 4*w = k - j. List the prime factors of k.
29
Let l = -649 + 1305. Suppose -l = -2*p + 1180. What are the prime factors of p?
2, 3, 17
Let i = 32107 + -22097. List the prime factors of i.
2, 5, 7, 11, 13
Let f = -61 - -69. Let g(v) = 135 - 5*v + 10*v**2 - 118 + 2*v - v**3. What are the prime factors of g(f)?
11
Let u = -34 - -37. Suppose 0 = 5*z + l - 8, 4*l = 3*z + u*l. List the prime factors of 1 - (0 + z)*-69.
2, 5, 7
Let h(v) be the second derivative of -7/6*v**3 + 13*v**2 + 15*v + 0. List the prime factors of h(-15).
131
Let g(u) = -554*u + 4487. List the prime factors of g(-69).
11, 353
Suppose 6402 = 4*k + 838. Suppose 4*g = -5*f + 2*g + k, -4*f = 5*g - 1123. Suppose 0 = -5*c - 4*v + f, 4*v = 4*c + c - 293. What are the prime factors of c?
3, 19
Let c = -4490 + 20974. What are the prime factors of c?
2, 13, 317
Suppose 30 = 5*d, 13*w = 16*w + 4*d - 27408. What are the prime factors of w?
2, 7, 163
Suppose 4*i + 4*j = 28, 5*j - 8 = i + 3. Let c be 23790/165 - (-4)/(-22). Suppose c = 2*m - i*t, -m - 340 = -6*m + 5*t. What are the prime factors of m?
2
Suppose 53*h - 1572 + 406 = 0. Suppose -34*g + h*g + 7800 = 0. List the prime factors of g.
2, 5, 13
Suppose -2*a + 3*k - 2636 = 0, 18*a - k = 14*a - 5272. Let y = a - -1987. List the prime factors of y.
3, 223
Suppose c = 5*w - 63158 - 79720, 5*c - 114343 = -4*w. What are the prime factors of w?
17, 41
Suppose 3*h - n = 40421, 0 = 4*h + h - n - 67373. What are the prime factors of h?
2, 3, 1123
List the prime factors of (-10)/2 - 6941/(-22)*2.
2, 313
Suppose 0 = 2*p + 5*z - 37, -p + 2*z - 1 = 3. Suppose 2*n - 12 = p. Suppose 14*v = n*v + 290. What are the prime factors of v?
2, 29
Let i be -7 - 55/(-5) - (-3 - -7). Suppose i = -25*b + 902 + 41798. What are the prime factors of b?
2, 7, 61
Let d(j) = 2*j**2 + 8*j - 9. Let x be d(-9). Let z = x - -42. Let m = -76 + z. List the prime factors of m.
47
Let h(l) = 65*l**2 + 248*l + 15. List the prime factors of h(16).
41, 503
Let i = -17344 - -33982. List the prime factors of i.
2, 3, 47, 59
What are the prime factors of (0 + 0 + 1)*6211?
6211
Let o be -2*(2/(-14) - 94/28). Let t(x) = -17*x + 2. Let z be t(-3). Suppose 3*j = z + o. What are the prime factors of j?
2, 5
Let b = -7099 + 12420. What are the prime factors of b?
17, 313
Let h(p) be the first derivative of -p**4/4 - 23*p**3/3 - 29*p**2/2 - 13*p - 6. Let z = -377 + 355. What are the prime factors of h(z)?
3, 47
Let y = 4725 - 823. List the prime factors of y.
2, 1951
Let u be 1383 - (-2 + (-3 - (1 + -5))). Suppose -509*k - u = -511*k. What are the prime factors of k?
2, 173
Let m(r) = -20*r - 28. Let g be m(-1). What are the prime factors of (g - (0 + -3)) + 382 + -2?
3, 5
Let y(q) = -31*q - 5. Let b be y(4). Let u = 4274 + -4047. Let a = b + u. What are the prime factors of a?
2, 7
Let q = -11 - 7. Let l(j) = j**2 + 88. What are the prime factors of l(q)?
2, 103
Suppose 61635 = 2*k - 5*h, 0 = -5*k + h - 16820 + 170850. List the prime factors of k.
5, 61, 101
Let d(k) = k**2 - 9*k - 22. Let i(o) = -2*o - 27. Let z be i(-19). Let a be d(z). Suppose -334 - 7 = -3*q - r, q - r - 111 = a. List the prime factors of q.
113
Let j(d) = -d**2 - 4*d + 3. Let v be j(0). Suppose -x + v*i = 3*x - 2890, -1432 = -2*x - 5*i. Suppose 9*z - x = 2*z. What are the prime factors of z?
103
Let z(f) = 11*f**3 + 3*f + 11. Let d(h) = 23*h**3 + h**2 + 5*h + 21. Let l(k) = -3*d(k) + 5*z(k). List the prime factors of l(-3).
7
Let x(r) = -2*r**3 - 6*r**2 - 12*r + 1. Let m be x(-5). Suppose -14*o = -11*o - 4*t - m, t - 183 = -4*o. Suppose 391 = 4*u + o. What are the prime factors of u?
2, 43
Let f(j) = 7*j**2 - 61*j + 784. List the prime factors of f(15).
2, 19
Suppose 4*o - 49986 = -2*t, 21*t - 17*t - 99912 = 2*o. What are the prime factors of t?
3, 11, 757
Suppose -19*b - 2*b = -63. Suppose -3*z + b*w + 1473 = 0, 2*z - 3*w + 5*w = 982. What are the prime factors of z?
491
Suppose 206 = -3*o - 130. Let s(c) = -26*c**3 + 3*c**2 + 10*c + 7. Let y be s(-2). Let k = o + y. List the prime factors of k.
5, 19
Suppose 4*t + 0*t + 281907 = 31*t. What are the prime factors of t?
53, 197
Let i(g) = 23*g**2 - 246*g - 7. What are the prime factors of i(21)?
2, 5, 7, 71
Suppose -123 